e of 8?
True
Does 296 divide 1125096?
True
Is 14 a factor of 221438?
True
Is 20 a factor of 100660?
True
Is 425 a factor of 6375589?
False
Is 13 a factor of 13087763?
True
Does 41 divide 2219367?
False
Is 168031 a multiple of 80?
False
Does 13 divide 54028?
True
Does 129 divide 1939534?
False
Does 144 divide 87840?
True
Is 47 a factor of 5357548?
False
Is 344 a factor of 2275904?
True
Is 10 a factor of 75260?
True
Does 406 divide 292282?
False
Does 79 divide 1228449?
False
Does 15 divide 2484?
False
Does 4 divide 84055?
False
Does 13 divide 91546?
True
Does 29 divide 39672?
True
Does 41 divide 4863703?
False
Is 465 a factor of 6030933?
False
Is 1481473 a multiple of 24?
False
Does 71 divide 3506764?
False
Is 4246396 a multiple of 68?
True
Does 137 divide 459361?
True
Does 80 divide 67885?
False
Is 10 a factor of 4200634?
False
Is 77 a factor of 313159?
True
Does 105 divide 1023855?
True
Is 226 a factor of 46556?
True
Does 122 divide 4490942?
True
Is 173 a factor of 6422279?
True
Is 7 a factor of 214371?
False
Does 99 divide 259083?
True
Is 1722089 a multiple of 58?
False
Is 40 a factor of 3412978?
False
Is 176936 a multiple of 117?
False
Is 54128 a multiple of 199?
True
Is 21 a factor of 8096550?
True
Is 3 a factor of 25521?
True
Is 27 a factor of 533443?
False
Does 496 divide 391678?
False
Does 5 divide 85439?
False
Is 8467663 a multiple of 1041?
False
Is 2 a factor of 12209?
False
Does 634 divide 554170?
False
Does 41 divide 82410?
True
Does 77 divide 8263717?
True
Is 130 a factor of 180180?
True
Is 694 a factor of 6958233?
False
Is 10420 even?
True
Is 26 a factor of 4547322?
True
Is 225732 a multiple of 52?
True
Does 4 divide 11260?
True
Is 271140 a multiple of 3?
True
Is 70 a factor of 1381240?
True
Is 709 a factor of 3338681?
True
Is 26 a factor of 462408?
False
Is 1236070 a multiple of 11?
True
Is 94 a factor of 82908?
True
Is 1117731 a multiple of 36?
False
Is 21 a factor of 94945?
False
Does 103 divide 281190?
True
Is 586486 a multiple of 22?
False
Does 16 divide 612735?
False
Is 1104746 a multiple of 104?
False
Is 32488 a multiple of 61?
False
Is 193738 a multiple of 47?
False
Does 880 divide 408320?
True
Is 123793 a multiple of 44?
False
Does 11 divide 1852741?
True
Is 9 a factor of 759112?
False
Is 177098 a multiple of 590?
False
Does 14 divide 1254441?
False
Is 7 a factor of 30590?
True
Does 145 divide 31731?
False
Does 1026 divide 3575731?
False
Does 60 divide 3238868?
False
Does 13 divide 19513?
True
Is 218 a factor of 4096694?
False
Is 1838052 a multiple of 372?
True
Is 43817 a multiple of 3?
False
Is 114 a factor of 637406?
False
Is 176 a factor of 196952?
False
Does 114 divide 4214604?
False
Does 193 divide 406458?
True
Does 11 divide 398849?
True
Is 8 a factor of 19576?
True
Is 42 a factor of 2833866?
True
Is 6 a factor of 22350?
True
Is 312 a factor of 125549?
False
Is 3281886 a multiple of 23?
False
Does 112 divide 64676?
False
Is 218004 a multiple of 25?
False
Is 183 a factor of 2529975?
True
Does 6 divide 563442?
True
Does 40 divide 1168562?
False
Is 532006 a multiple of 11?
False
Is 9 a factor of 526274?
False
Does 183 divide 3098922?
True
Does 17 divide 8019546?
True
Is 12 a factor of 14672884?
False
Is 51 a factor of 1169285?
False
Is 15 a factor of 83730?
True
Is 998171 a multiple of 199?
False
Is 114 a factor of 1976532?
True
Does 4 divide 2684042?
False
Is 5349593 a multiple of 2?
False
Is 7356865 a multiple of 2251?
False
Is 149661 a multiple of 77?
False
Is 140471 a multiple of 82?
False
Does 61 divide 7778476?
True
Does 16 divide 24448?
True
Is 24 a factor of 229924?
False
Does 4 divide 494517?
False
Does 95 divide 115330?
True
Is 21288 a multiple of 12?
True
Does 4 divide 105124?
True
Does 137 divide 141795?
True
Is 1845876 a multiple of 101?
True
Does 577 divide 210605?
True
Does 59 divide 21063?
True
Does 21 divide 12223134?
True
Is 97618 a multiple of 2?
True
Is 4 a factor of 22978?
False
Is 16391 a multiple of 11?
False
Does 10 divide 3849382?
False
Is 342 a factor of 73578?
False
Is 1198449 a multiple of 189?
True
Is 172 a factor of 32155?
False
Is 13 a factor of 283779?
False
Is 107 a factor of 929830?
True
Does 75 divide 27136?
False
Does 12 divide 2051378?
False
Does 12 divide 29628?
True
Is 411 a factor of 135630?
True
Does 528 divide 3248785?
False
Is 4295934 a multiple of 51?
True
Does 17 divide 870468?
True
Is 42 a factor of 359982?
True
Is 59 a factor of 325603?
False
Does 184 divide 7612632?
True
Is 943880 a multiple of 35?
True
Does 11 divide 2269289?
True
Does 512 divide 348899?
False
Is 19 a factor of 219336?
True
Does 64 divide 752832?
True
Does 44 divide 267652?
True
Is 352328 a multiple of 56?
False
Is 112008 a multiple of 26?
True
Is 89 a factor of 533822?
True
Is 432 a factor of 357764?
False
Is 683034 a multiple of 66?
True
Does 16 divide 355712?
True
Does 855 divide 2912130?
True
Is 2426792 a multiple of 176?
False
Is 16 a factor of 22481056?
True
Is 8 a factor of 53864?
True
Does 10 divide 340?
True
Is 349848 a multiple of 339?
True
Is 519 a factor of 15855450?
True
Is 16425 even?
False
Is 13 a factor of 549497?
True
Does 50 divide 1098184?
False
Does 49 divide 218148?
True
Is 142 a factor of 624468?
False
Is 11 a factor of 1749997?
False
Does 93 divide 6946218?
False
Is 425 a factor of 97024?
False
Does 168 divide 7671638?
False
Does 21 divide 1533?
True
Does 217 divide 172949?
True
Is 89277 a multiple of 13?
False
Is 16 a factor of 8685296?
True
Does 151 divide 411216?
False
Is 719115 a multiple of 15?
True
Is 12117845 a multiple of 214?
False
Does 168 divide 2393232?
False
Is 3903054 a multiple of 69?
True
Is 5 a factor of 659427?
False
Is 564 a factor of 11407492?
False
Is 804254 a multiple of 180?
False
Is 545 a factor of 12236340?
True
Is 60660 a multiple of 180?
True
Is 46 a factor of 264868?
True
Is 14724420 a multiple of 20?
True
Is 34 a factor of 12695192?
True
Is 29 a factor of 107404?
False
Is 492427 a multiple of 299?
False
Does 803 divide 221628?
True
Does 23 divide 4490151?
False
Is 120741 a multiple of 11?
False
Is 76 a factor of 95017?
False
Does 14 divide 99960?
True
Is 29 a factor of 206954?
False
Does 942 divide 5515410?
True
Is 1247 a factor of 8041549?
False
Is 140711 even?
False
Is 3266475 a multiple of 25?
True
Is 1197815 even?
False
Is 492 a factor of 326435?
False
Is 40656 a multiple of 16?
True
Does 47 divide 15140627?
True
Does 24 divide 531565?
False
Is 13 a factor of 8390369?
True
Is 58 a factor of 948764?
True
Does 45 divide 3520890?
True
Is 191 a factor of 43197?
False
Is 35 a factor of 144760?
True
Is 1040320 a multiple of 20?
True
Is 272 a factor of 517253?
False
Is 275 a factor of 1122825?
True
Does 77 divide 8162?
True
Does 82 divide 4522929?
False
Is 3 a factor of 26668?
False
Is 678 a factor of 2109936?
True
Is 585687 a multiple of 2?
False
Does 34 divide 664432?
False
Is 55566 a multiple of 147?
True
Is 8 a factor of 931623?
False
Does 29 divide 390079?
True
Does 22 divide 4979607?
False
Does 20 divide 58913?
False
Does 51 divide 348024?
True
Does 141 divide 434345?
False
Does 18 divide 127894?
False
Is 21174984 a multiple of 61?
False
Does 93 divide 202089?
True
Does 402 divide 1896636?
True
Is 133 a factor of 217987?
True
Does 122 divide 1503403?
False
Is 9829536 a multiple of 114?
True
Is 242 a factor of 1156276?
True
Is 99693 a multiple of 33?
True
Does 328 divide 4241085?
False
Is 15920 a multiple of 80?
True
Does 69 divide 450501?
True
Does 3 divide 33896?
False
Is 29 a factor of 972689?
True
Is 63 a factor of 1575?
True
Is 6 a factor of 1441914?
True
Is 151 a factor of 1057387?
False
Does 118 divide 2405107?
False
Is 181125 a multiple of 156?
False
Does 5 divide 247935?
True
Is 165189 a multiple of 41?
True
Is 315 a factor of 199710?
True
Is 18 a factor of 72684?
True
Does 206 divide 495628?
False
Is 3643718 a multiple of 26?
True
Is 4326840 a multiple of 12?
True
Is 2 a factor of 72585?
False
Does 118 divide 93810?
True
Is 303 a factor of 1838310?
False
Does 299 divide 664479?
False
Is 4453785 a multiple of 7?
True
Is 152 a factor of 1026000?
True
Is 156 a factor of 354744?
True
Is 195744 a multiple of 18?
False
Is 767 a factor of 1055778?
False
Does 62 divide 1636685?
False
Is 21 a factor of 170625?
True
Does 221 divide 1341691?
True
I